{"id":299,"date":"2023-02-27T11:01:14","date_gmt":"2023-02-27T10:01:14","guid":{"rendered":"http:\/\/xn--glckskraft-beb.de\/neu\/?page_id=299"},"modified":"2024-05-03T17:07:54","modified_gmt":"2024-05-03T15:07:54","slug":"aktuelles","status":"publish","type":"page","link":"https:\/\/xn--glckskraft-beb.de\/neu\/aktuelles\/","title":{"rendered":"Aktuelles\/Workshops"},"content":{"rendered":"\n<h2 class=\"wp-block-heading\">Gl\u00fcckskraftworkshops f\u00fcr Erwachsene<\/h2>\n\n\n\n<div class=\"wp-block-columns has-background is-layout-flex wp-container-core-columns-is-layout-1 wp-block-columns-is-layout-flex\" style=\"background-color:#ffdaee\">\n<div class=\"wp-block-column is-layout-flow wp-block-column-is-layout-flow\" style=\"flex-basis:800px\"><div class=\"wp-block-image\">\n<figure class=\"aligncenter size-large is-resized\"><img loading=\"lazy\" decoding=\"async\" width=\"1024\" height=\"886\" src=\"https:\/\/xn--glckskraft-beb.de\/neu\/wp-content\/uploads\/2021\/03\/Glueckskraft_Logo-1-1024x886.png\" alt=\"\" class=\"wp-image-159\" style=\"width:100px\" srcset=\"https:\/\/xn--glckskraft-beb.de\/neu\/wp-content\/uploads\/2021\/03\/Glueckskraft_Logo-1-1024x886.png 1024w, https:\/\/xn--glckskraft-beb.de\/neu\/wp-content\/uploads\/2021\/03\/Glueckskraft_Logo-1-300x259.png 300w, https:\/\/xn--glckskraft-beb.de\/neu\/wp-content\/uploads\/2021\/03\/Glueckskraft_Logo-1-768x664.png 768w, https:\/\/xn--glckskraft-beb.de\/neu\/wp-content\/uploads\/2021\/03\/Glueckskraft_Logo-1-169x146.png 169w, https:\/\/xn--glckskraft-beb.de\/neu\/wp-content\/uploads\/2021\/03\/Glueckskraft_Logo-1-50x43.png 50w, https:\/\/xn--glckskraft-beb.de\/neu\/wp-content\/uploads\/2021\/03\/Glueckskraft_Logo-1-87x75.png 87w, https:\/\/xn--glckskraft-beb.de\/neu\/wp-content\/uploads\/2021\/03\/Glueckskraft_Logo-1.png 1066w\" sizes=\"auto, (max-width:767px) 480px, (max-width:1024px) 100vw, 1024px\" \/><\/figure><\/div>\n\n\n<h3>Intuitives Malen bei den Alpakas<\/h3>\n<p>Finde in der Natur zu Deiner eigenen Natur.<br \/>Nimm Kontakt zu der Natur, die Dich umgibt, auf und genie\u00dfe dabei die Gegenwart der Alpakas.<br \/><em>Was Du in der Natur entdeckst, steckt auch in Dir.<\/em><br \/>Beim intuitiven Malen kannst Du dein Inneres durch Farben flie\u00dfen lassen und zum Ausdruck bringen.<br \/>Ein farbenfrohes, ganzheitliches, entspannendes und nat\u00fcrliches Erlebnis!<\/p>\n<p><strong>Dauer: ca. 2 Stunden<\/strong><br \/><strong>Kursgeb\u00fchr: 40\u20ac<\/strong><br \/><strong>Die Kursgeb\u00fchren werden vor Ort, bar gegen Quittung abgerechnet.<\/strong><br \/><strong>Alter: ab 18 Jahren<\/strong><br \/><strong>H\u00f6chstteilnehmerzahl: 8 Personen<\/strong><br \/><strong>Leistung: Programm, Material<\/strong><br \/><strong>Termin: 07<\/strong><strong>.06.24 um 18.00Uhr<\/strong><br \/><strong>Ort: Ennerthof, Ennertstra\u00dfe 2, 59821 Arnsberg-Wennigloh<\/strong><\/p>\n<p>Anmeldung bitte per E-Mail \u00fcber <a href=\"mailto:info@glueckskraft.de\">info@glueckskraft.de <\/a>sp\u00e4testens bis zum 15. Mai 2024<br \/>Wir freuen uns auf euch! Bunte Gl\u00fcckskraftgr\u00fc\u00dfe<\/p>\n<p><strong><em>Von Michaela Linnemann und Kirsten Luig<\/em><\/strong><\/p>\n<\/div>\n\n\n\n<div class=\"wp-block-column is-layout-flow wp-block-column-is-layout-flow\" style=\"flex-basis:10px\"><\/div>\n\n\n\n<div class=\"wp-block-column is-layout-flow wp-block-column-is-layout-flow\"><\/div>\n<\/div>\n\n\n\n<div style=\"height:54px\" aria-hidden=\"true\" class=\"wp-block-spacer\"><\/div>\n\n\n\n<div class=\"wp-block-columns has-background is-layout-flex wp-container-core-columns-is-layout-2 wp-block-columns-is-layout-flex\" style=\"background-color:#ffdaee\">\n<div class=\"wp-block-column is-layout-flow wp-block-column-is-layout-flow\"><div class=\"wp-block-image\">\n<figure class=\"aligncenter size-large is-resized\"><img loading=\"lazy\" decoding=\"async\" width=\"1024\" height=\"886\" src=\"https:\/\/xn--glckskraft-beb.de\/neu\/wp-content\/uploads\/2021\/03\/Glueckskraft_Logo-1-1024x886.png\" alt=\"\" class=\"wp-image-159\" style=\"width:100px\" srcset=\"https:\/\/xn--glckskraft-beb.de\/neu\/wp-content\/uploads\/2021\/03\/Glueckskraft_Logo-1-1024x886.png 1024w, https:\/\/xn--glckskraft-beb.de\/neu\/wp-content\/uploads\/2021\/03\/Glueckskraft_Logo-1-300x259.png 300w, https:\/\/xn--glckskraft-beb.de\/neu\/wp-content\/uploads\/2021\/03\/Glueckskraft_Logo-1-768x664.png 768w, https:\/\/xn--glckskraft-beb.de\/neu\/wp-content\/uploads\/2021\/03\/Glueckskraft_Logo-1-169x146.png 169w, https:\/\/xn--glckskraft-beb.de\/neu\/wp-content\/uploads\/2021\/03\/Glueckskraft_Logo-1-50x43.png 50w, https:\/\/xn--glckskraft-beb.de\/neu\/wp-content\/uploads\/2021\/03\/Glueckskraft_Logo-1-87x75.png 87w, https:\/\/xn--glckskraft-beb.de\/neu\/wp-content\/uploads\/2021\/03\/Glueckskraft_Logo-1.png 1066w\" sizes=\"auto, (max-width:767px) 480px, (max-width:1024px) 100vw, 1024px\" \/><\/figure><\/div>\n\n\n<h3>Die Sch\u00f6nheit der Verletzlichkeit-<\/h3>\n<p>Wie uns unsere Verletzungen zu dem einzigartigen Menschen machen, der wir sind. Eine Entdeckungsreise unserer eigenen Verletzlichkeit durch intuitives Malen, Musik, K\u00f6rperarbeit und heilsamer, ehrlicher Begegnung. So k\u00f6nnen wir<br \/>vertrauensvoller und offener und mit mehr St\u00e4rke dem Leben begegnen.<\/p>\n<p><strong>3- teilige Kursreihe in der Privatpraxis Gl\u00fcckskraft<\/strong><\/p>\n<p><em><strong>26. August 17.00 Uhr \u2013 20.00 Uhr<\/strong><\/em> Verletzlichkeit und ihr Wesen<br \/><em><strong>09. September 17.00 Uhr \u2013 20.00<\/strong><\/em> Uhr 2. Intuitives heilsames Malen zum Thema Verletzlichkeit<br \/><strong>23. September 17.00 Uhr \u2013 20.00<\/strong> Uhr 3. Umgang mit uns Selbst und unserer Verletzlichkeit<\/p>\n<p><strong>Kosten: 200 Euro incl. Material<\/strong><br \/>Die Kursgeb\u00fchr wird vor Ort bar abgerechnet Ihr erhaltet eine Quittung.<br \/>Maximal 6 Teilnehmer, mindestens 4 Teilnehmer<\/p>\n<p>Anmeldung bitte per E-Mail \u00fcber <a href=\"mailto:info@glueckskraft.de\">info@glueckskraft.de<\/a><a href=\"mailto:info@gl\u00fcckskraft.de\">\u00a0<\/a>sp\u00e4testens bis zum 01. August 2024<br \/>Wir freuen uns auf euch!<\/p>\n<p>Herzensgr\u00fc\u00dfe von<\/p>\n<p><strong><em>Michaela Linnemann und Kirsten Luig<\/em><\/strong><\/p>\n<\/div>\n\n\n\n<div class=\"wp-block-column is-layout-flow wp-block-column-is-layout-flow\" style=\"flex-basis:10px\"><\/div>\n\n\n\n<div class=\"wp-block-column is-layout-flow wp-block-column-is-layout-flow\"><div class=\"wp-block-image\">\n<figure class=\"aligncenter size-large is-resized\"><img loading=\"lazy\" decoding=\"async\" width=\"1024\" height=\"886\" src=\"https:\/\/xn--glckskraft-beb.de\/neu\/wp-content\/uploads\/2021\/03\/Glueckskraft_Logo-1-1024x886.png\" alt=\"\" class=\"wp-image-159\" style=\"width:100px\" srcset=\"https:\/\/xn--glckskraft-beb.de\/neu\/wp-content\/uploads\/2021\/03\/Glueckskraft_Logo-1-1024x886.png 1024w, https:\/\/xn--glckskraft-beb.de\/neu\/wp-content\/uploads\/2021\/03\/Glueckskraft_Logo-1-300x259.png 300w, https:\/\/xn--glckskraft-beb.de\/neu\/wp-content\/uploads\/2021\/03\/Glueckskraft_Logo-1-768x664.png 768w, https:\/\/xn--glckskraft-beb.de\/neu\/wp-content\/uploads\/2021\/03\/Glueckskraft_Logo-1-169x146.png 169w, https:\/\/xn--glckskraft-beb.de\/neu\/wp-content\/uploads\/2021\/03\/Glueckskraft_Logo-1-50x43.png 50w, https:\/\/xn--glckskraft-beb.de\/neu\/wp-content\/uploads\/2021\/03\/Glueckskraft_Logo-1-87x75.png 87w, https:\/\/xn--glckskraft-beb.de\/neu\/wp-content\/uploads\/2021\/03\/Glueckskraft_Logo-1.png 1066w\" sizes=\"auto, (max-width:767px) 480px, (max-width:1024px) 100vw, 1024px\" \/><\/figure><\/div>\n\n\n<h3>Entdecke die Kraft des bunten Gl\u00fccks- intuitives, heilsames Malen f\u00fcr Kinder und Jugendliche 14.September 2024 10.00 Uhr \u201315.00 Uhr<\/h3>\n<p>Beim intuitiven Malen kannst Du dein Inneres durch Farben flie\u00dfen lassen und zum Ausdruck bringen. Du lernst viel \u00fcber dich und deine Gef\u00fchle und deine Talente! Du brauchst keine Vorkenntnisse im Malen, es geht nur darum, dass du noch ganz viel von dir Selbst entdeckst und du dich noch besser kennst. Dann kannst du dich gut verstehen und auch andere gut verstehen.<br \/>Ein farbenfrohes, ganzheitliches, entspannendes und nat\u00fcrliches Erlebnis! Lass dich \u00fcberraschen!<\/p>\n<p><strong>Privatpraxis Gl\u00fcckskraft<\/strong><br \/><strong>von 10.00 Uhr bis 15.00 Uhr<\/strong><br \/><strong>Am 14.09.2024<\/strong><br \/><strong>Kosten 45 Euro incl. Material<\/strong><br \/>Die Kursgeb\u00fchr wird mit euren Eltern vor Ort bar abgerechnet Ihr erhaltet eine Quittung.<br \/>Maximal 6 Teilnehmer, mindestens 4 Teilnehmer<br \/>Kleiner Pausensnack wird angeboten!<\/p>\n<p>Anmeldung bitte unter <a href=\"mailto:info@glueckskraft.de\">info@glueckskraft.de<\/a><a href=\"mailto:info@gl\u00fcckskraft.de\">\u00a0<\/a>sp\u00e4testens bis zum 01.September 2024<br \/>Wir freuen uns auf euch!<\/p>\n<p>Bunte Gl\u00fcckskraftgr\u00fc\u00dfe von<br \/><strong>Michaela Linnemann und Kirsten Luig<\/strong><\/p>\n<\/div>\n<\/div>\n\n\n\n<div style=\"height:51px\" aria-hidden=\"true\" class=\"wp-block-spacer\"><\/div>\n\n\n\n<div class=\"wp-block-columns has-background is-layout-flex wp-container-core-columns-is-layout-3 wp-block-columns-is-layout-flex\" style=\"background-color:#ffdaee\">\n<div class=\"wp-block-column is-layout-flow wp-block-column-is-layout-flow\"><div class=\"wp-block-image\">\n<figure class=\"aligncenter size-large is-resized\"><img loading=\"lazy\" decoding=\"async\" width=\"1024\" height=\"886\" src=\"https:\/\/xn--glckskraft-beb.de\/neu\/wp-content\/uploads\/2021\/03\/Glueckskraft_Logo-1-1024x886.png\" alt=\"\" class=\"wp-image-159\" style=\"width:100px;height:auto\" srcset=\"https:\/\/xn--glckskraft-beb.de\/neu\/wp-content\/uploads\/2021\/03\/Glueckskraft_Logo-1-1024x886.png 1024w, https:\/\/xn--glckskraft-beb.de\/neu\/wp-content\/uploads\/2021\/03\/Glueckskraft_Logo-1-300x259.png 300w, https:\/\/xn--glckskraft-beb.de\/neu\/wp-content\/uploads\/2021\/03\/Glueckskraft_Logo-1-768x664.png 768w, https:\/\/xn--glckskraft-beb.de\/neu\/wp-content\/uploads\/2021\/03\/Glueckskraft_Logo-1-169x146.png 169w, https:\/\/xn--glckskraft-beb.de\/neu\/wp-content\/uploads\/2021\/03\/Glueckskraft_Logo-1-50x43.png 50w, https:\/\/xn--glckskraft-beb.de\/neu\/wp-content\/uploads\/2021\/03\/Glueckskraft_Logo-1-87x75.png 87w, https:\/\/xn--glckskraft-beb.de\/neu\/wp-content\/uploads\/2021\/03\/Glueckskraft_Logo-1.png 1066w\" sizes=\"auto, (max-width:767px) 480px, (max-width:1024px) 100vw, 1024px\" \/><\/figure><\/div>\n\n\n<h3>Erlebe die Magie des Mandalas<\/h3>\n<p>Verbringe einen Tag mit Mandalas in allen Gr\u00f6\u00dfen.<br \/>Mandalas st\u00e4rken die Mitte in uns, mit der wir die gro\u00dfe Mitte ber\u00fchren. Das Malen der Mandalas hilft uns freier zu werden, innere Ordnung zu schaffen und damit das Bewusstsein zu uns selbst und unserer innenwohnenden Heilkraft zu sp\u00fcren.<\/p>\n<p><strong>Privatpraxis Gl\u00fcckskraft<\/strong><br \/><strong>von 10.00 Uhr bis 15.00 Uhr<\/strong><br \/><strong>Am 28.09.2024<\/strong><br \/><strong>Kosten 60 Euro incl. Material<\/strong><br \/><strong>Die Kursgeb\u00fchr wird vor Ort bar abgerechnet. Ihr erhaltet eine <\/strong><strong>Quittung.<\/strong><\/p>\n<p>Maximal 6 Teilnehmer, mindestens 4 Teilnehmer<br \/>Kleiner Pausensnack wird angeboten!<br \/>Anmeldung bitte unter <a href=\"mailto:info@glueckskraft.de\">info@glueckskraft.de<\/a> sp\u00e4testens bis zum 01.September 2024<\/p>\n<p>Wir freuen uns auf euch!<\/p>\n<p>Bunte Gl\u00fcckskraftgr\u00fc\u00dfe von<br \/><em><strong>Michaela Linnemann und Kirsten Luig<\/strong><\/em><\/p>\n<\/div>\n\n\n\n<div class=\"wp-block-column is-layout-flow wp-block-column-is-layout-flow\" style=\"flex-basis:10px\"><\/div>\n\n\n\n<div class=\"wp-block-column is-layout-flow wp-block-column-is-layout-flow\"><div class=\"wp-block-image\">\n<figure class=\"aligncenter size-large is-resized\"><img loading=\"lazy\" decoding=\"async\" width=\"1024\" height=\"886\" src=\"https:\/\/xn--glckskraft-beb.de\/neu\/wp-content\/uploads\/2021\/03\/Glueckskraft_Logo-1-1024x886.png\" alt=\"\" class=\"wp-image-159\" style=\"width:100px\" srcset=\"https:\/\/xn--glckskraft-beb.de\/neu\/wp-content\/uploads\/2021\/03\/Glueckskraft_Logo-1-1024x886.png 1024w, https:\/\/xn--glckskraft-beb.de\/neu\/wp-content\/uploads\/2021\/03\/Glueckskraft_Logo-1-300x259.png 300w, https:\/\/xn--glckskraft-beb.de\/neu\/wp-content\/uploads\/2021\/03\/Glueckskraft_Logo-1-768x664.png 768w, https:\/\/xn--glckskraft-beb.de\/neu\/wp-content\/uploads\/2021\/03\/Glueckskraft_Logo-1-169x146.png 169w, https:\/\/xn--glckskraft-beb.de\/neu\/wp-content\/uploads\/2021\/03\/Glueckskraft_Logo-1-50x43.png 50w, https:\/\/xn--glckskraft-beb.de\/neu\/wp-content\/uploads\/2021\/03\/Glueckskraft_Logo-1-87x75.png 87w, https:\/\/xn--glckskraft-beb.de\/neu\/wp-content\/uploads\/2021\/03\/Glueckskraft_Logo-1.png 1066w\" sizes=\"auto, (max-width:767px) 480px, (max-width:1024px) 100vw, 1024px\" \/><\/figure><\/div>\n\n\n<h3>Gl\u00fcckskraft \u2013 Wunderweiber Tag der Selbstliebe<\/h3>\n<p>Erfahre die Kraft der Liebe zu dir selbst \u2013 im Kreise von Frauen. Erlebe und verst\u00e4rke die Liebe zu dir selbst durch Malen, Tanz, Rituale, vertrauter Austausch und Verbundenheit!<\/p>\n<p><strong>Privatpraxis Gl\u00fcckskraft<\/strong><br \/><strong>Am 30.11.2024 von 10.00 Uhr bis 17.00 Uhr<\/strong><br \/><strong>Kursgeb\u00fchr: 80 Euro incl. Materialkosten<\/strong><br \/><strong>Die Kursgeb\u00fchr wird vor Ort bar abgerechnet. Ihr erhaltet eine <\/strong><strong>Quittung.<br \/><\/strong><br \/>Maximal 8 Teilnehmer, mindestens 4 Teilnehmer<br \/>Kleiner Pausensnack wird angeboten. F\u00fcr den Tag bitten wir euch, bequeme Kleidung zu tragen und<br \/>Kuschelsocken einzupacken<br \/><strong>Bitte bringt euch jedoch zus\u00e4tzlich festliche Kleidung z.B. euer <\/strong><strong>Lieblingskleid mit, wir werden einen feierlichen Moment <\/strong><strong>gemeinsam erleben!<br \/><\/strong><br \/>Anmeldung bitte unter <a href=\"mailto:info@glueckskraft.de\">info@glueckskraft.de<\/a>\u00a0sp\u00e4testens bis zum 01.11.2024<\/p>\n<p>Wir freuen uns \u00fcber einen ber\u00fchrenden Tag der Liebe zu uns selbst mit Euch!<\/p>\n<p>Herzensgr\u00fc\u00dfe von<br \/><em><strong>Michaela Linnemann und Kirsten Luig<\/strong><\/em><\/p>\n<\/div>\n<\/div>\n\n\n\n<div style=\"height:54px\" aria-hidden=\"true\" class=\"wp-block-spacer\"><\/div>\n","protected":false},"excerpt":{"rendered":"<p>Gl\u00fcckskraftworkshops f\u00fcr Erwachsene Intuitives Malen bei den Alpakas Finde in der Natur zu Deiner eigenen Natur.Nimm Kontakt zu der Natur, die Dich umgibt, auf und genie\u00dfe<span class=\"excerpt-hellip\"> [\u2026]<\/span><\/p>\n","protected":false},"author":2,"featured_media":343,"parent":0,"menu_order":0,"comment_status":"closed","ping_status":"closed","template":"","meta":{"footnotes":""},"class_list":["post-299","page","type-page","status-publish","has-post-thumbnail","hentry"],"_links":{"self":[{"href":"https:\/\/xn--glckskraft-beb.de\/neu\/wp-json\/wp\/v2\/pages\/299","targetHints":{"allow":["GET"]}}],"collection":[{"href":"https:\/\/xn--glckskraft-beb.de\/neu\/wp-json\/wp\/v2\/pages"}],"about":[{"href":"https:\/\/xn--glckskraft-beb.de\/neu\/wp-json\/wp\/v2\/types\/page"}],"author":[{"embeddable":true,"href":"https:\/\/xn--glckskraft-beb.de\/neu\/wp-json\/wp\/v2\/users\/2"}],"replies":[{"embeddable":true,"href":"https:\/\/xn--glckskraft-beb.de\/neu\/wp-json\/wp\/v2\/comments?post=299"}],"version-history":[{"count":47,"href":"https:\/\/xn--glckskraft-beb.de\/neu\/wp-json\/wp\/v2\/pages\/299\/revisions"}],"predecessor-version":[{"id":451,"href":"https:\/\/xn--glckskraft-beb.de\/neu\/wp-json\/wp\/v2\/pages\/299\/revisions\/451"}],"wp:featuredmedia":[{"embeddable":true,"href":"https:\/\/xn--glckskraft-beb.de\/neu\/wp-json\/wp\/v2\/media\/343"}],"wp:attachment":[{"href":"https:\/\/xn--glckskraft-beb.de\/neu\/wp-json\/wp\/v2\/media?parent=299"}],"curies":[{"name":"wp","href":"https:\/\/api.w.org\/{rel}","templated":true}]}}